22. What is the units digit of m(-10)?
8
Let o(z) = z**2 + 2*z - 1. Let m = 2 - 6. What is the units digit of o(m)?
7
Let c be 1*0*(-2)/4. Suppose 3*w - 5*w + 26 = c. What is the units digit of w/2*(-2 - -4)?
3
Let q(u) = u**3 - u + 30. Let g be q(0). Suppose -4*k = -5*k + g. Suppose -3*h + k = -0*h. What is the tens digit of h?
1
Suppose 0 = 4*v - 0*v - j - 424, 4*v + 3*j = 408. What is the units digit of v?
5
Let z = -5 + 8. Suppose -2*i - 9 = -3*u + z, -4 = -u - i. Let a = u - 1. What is the units digit of a?
3
Let o(l) = 10*l + 3. Let h be o(4). Let g = -21 + h. What is the units digit of g?
2
Let y(b) = b**2 - b - 3. Let x = 16 + -20. What is the units digit of y(x)?
7
Let f be -1*(0 + (6 - 0)). Let r(u) = -u**3 - 5*u**2 + 8. Let x be r(f). What is the units digit of x/10 + 6/(-15)?
4
Suppose -w + 12 + 0 = 5*v, 0 = 3*w - 3*v - 72. Suppose i - w = -i. What is the tens digit of i?
1
Let j be (20/4)/(-3 + 2). Let h = 13 + j. What is the units digit of h?
8
Suppose -5*r + 28 = -2. Let x(a) = -a**3 + 6*a**2 + 5*a - 6. What is the units digit of x(r)?
4
Suppose 2*y + 93 = 5*w, 0*w - 2*y + 21 = w. Suppose z + z + 4*o - 20 = 0, o + w = z. What is the tens digit of z?
1
Suppose 4*d + 126 = 3*h + 7*d, 4*d - 122 = -3*h. What is the units digit of h?
6
Let k(m) = 14*m - 63. What is the units digit of k(14)?
3
Let g be (16/24)/(1/(-18)). What is the units digit of -2 + 60*(-8)/g?
8
Let s be (-7)/(-2) + (-3)/6. Suppose 0 = s*m - 6, 3*w + w + 3*m = 202. Suppose -5*n - 3*z + 57 = z, -3*n + 5*z + w = 0. What is the tens digit of n?
1
Suppose 2*c - 50 = -3*a, 3*c + 17 = 3*a + 62. What is the tens digit of c?
1
Let z = -187 + 94. Let t = -59 - z. What is the tens digit of t?
3
Suppose 4*d = -3*b + 39, -3*d + 23 + 28 = -5*b. What is the tens digit of d?
1
Let t = 0 - -5. Suppose t*v + 7 = -2*y - 10, -5*y - 2*v = -10. Suppose -y = -7*j + 3*j. What is the units digit of j?
1
Suppose -257 = -j - 91. Let s = j + -112. What is the tens digit of s?
5
Let y be -5*6/10*1. What is the units digit of y/3 - -24 - 1?
2
Suppose -5*a - 141 = -3*r - 0*a, 3*r - a = 141. Let y(x) = -x - 22. Let i be y(9). Let k = r + i. What is the units digit of k?
6
Let q = 1 + 1. Suppose -2*m - 2*n = q*n - 2, -5*m - 4*n + 29 = 0. What is the units digit of m?
9
Suppose -10 = -v + 17. What is the tens digit of v?
2
Let c(p) = 3*p**3 - 2*p**2 + p + 2. What is the tens digit of c(2)?
2
Suppose 0*m - 3*k - 5 = -2*m, -m + 2*k = -4. What is the tens digit of (-357)/(-14) - m/(-4)?
2
Suppose -6*t = -t - 25. Suppose -2*x + 13 = 2*x + 5*c, x + 4*c + t = 0. Suppose q = -7*r + 3*r + x, 28 = 4*q - 2*r. What is the units digit of q?
7
Let d be 2/4*(36 - -2). Suppose d - 1 = -3*j. Let n = j + 7. What is the units digit of n?
1
Let v(n) = n**3 + 8*n**2 - 11*n + 22. What is the units digit of v(-9)?
0
Let v = -6 + 54. What is the units digit of v?
8
Suppose 2*t + 0*t - 6 = 0. Let p be 224/36 - 6/27. Let g = p - t. What is the units digit of g?
3
Let s be (-2 + -1)/((-3)/3). Let g = 5 - s. What is the tens digit of g + 2 + -2 + 9?
1
Let l be 2/(20/(-8) - -2). What is the tens digit of 45/(l/(-8)*3)?
3
Suppose 93 + 147 = 4*m. Let r = -43 + m. What is the units digit of r?
7
Let v(n) = 6*n**2 - n + 2. Let m be v(2). Let p be 6/(-15)*(-1 - m). What is the units digit of (p/(-8))/(4/(-16))?
5
Let n(x) = x**2 - 4*x - 3. Let j be n(5). Suppose -13 = t - j*t. Suppose -5*b - 3 = -t. What is the units digit of b?
2
Let i(c) be the first derivative of -5*c**2/2 - c - 2. What is the units digit of i(-7)?
4
Let u(f) be the first derivative of 5*f**4/4 + f - 1. Let s(x) = x + 4. Let k be s(-3). What is the units digit of u(k)?
6
Let j(c) = 2*c**3 - 5*c**2 - 9*c + 16. What is the units digit of j(6)?
4
Let v(g) = 11*g**3 - 2*g**2 + 3*g + 2. What is the tens digit of v(2)?
8
Let w be 1/(-4) - 3/(-12). Let k(x) = x**3 - x**2 + 2. Let y be k(w). Suppose -8 = -y*c + 4. What is the units digit of c?
6
Suppose -2*d = -3*r - 4*d + 410, 3*d - 139 = -r. What is the units digit of r?
6
Let z be -2 + 72*(-4)/(-6). Let f = 79 - z. What is the units digit of f?
3
Let g(a) = -a**2 - 15*a + 12. Let n be g(-10). Let q = 112 - n. Suppose 3*i - q = 4*w, 4*i - 31 = -3*w - 6. What is the units digit of i?
0
Let x = 8 - 7. Suppose w + x = 5*w + n, -2 = w - 2*n. Suppose w*y + 12 = 3*y. What is the units digit of y?
4
Suppose -5*k + 2*k = -72. What is the units digit of 4/(k/9)*6?
9
What is the tens digit of 82/4 - 3/6?
2
Let l(t) = t**3 - 5*t**2 + 2*t - 7. Let u be l(5). Suppose 2*o + 3*z = 2*z + u, 3*z = 3*o - 9. Suppose -o*g = 3*g - 45. What is the units digit of g?
9
Let a(o) = 5*o**2 + 3*o + 6. What is the hundreds digit of a(-6)?
1
Suppose 0 = 4*m - 4*b - 207 - 177, 3*b = m - 86. What is the hundreds digit of m?
1
Let n(x) = -10*x + 2. What is the units digit of n(-1)?
2
Suppose 3*l + 3*b - b = 16, -3*l + 5*b + 23 = 0. Let d(c) = -3*c**2 + 0*c**2 - 2*c + l*c**2 + c**3 - 4. What is the units digit of d(-3)?
2
Let n be -1 - ((-10)/2 + 2). Suppose 5*k - 24 = -2*o, 2*o - k = -n*k + 40. What is the units digit of o?
2
Suppose w + 0*w - 4 = 0. Suppose -w*t + 12 = -0*t. Suppose 0 = -4*o + 1 + t. What is the units digit of o?
1
Suppose 0 = 3*k - 79 - 155. Suppose -2*t = -4*y - k, -58 - 74 = -4*t + 2*y. What is the tens digit of t?
3
Let p = -31 + 20. Let u = -7 - p. Suppose u*t + t = -4*d + 34, 4*t = 2*d + 48. What is the units digit of t?
0
Let k(a) = 8*a + 12. Let l be k(13). Suppose -l = -4*y - 0*y. What is the tens digit of y?
2
Let v = 11 - 12. What is the units digit of 1*(3 + (-3)/v)?
6
Let p = 14 + -2. Let j = 28 - p. What is the units digit of j?
6
Suppose -5*l = -a + 91, -3*l + 0 - 9 = 0. What is the tens digit of a?
7
What is the hundreds digit of (-3210)/(-10) + (3 - (1 - 2))?
3
Let k be (0 + 1)/(2/152). Suppose 2*s + 3*t + 33 = 5*s, 0 = -5*s - 2*t + k. Let z = s - -2. What is the tens digit of z?
1
Let f(x) = 9*x + 2. What is the units digit of f(2)?
0
What is the units digit of (715/15)/((-1)/(-3)*1)?
3
Suppose -5*p = -72 + 17. Let k(a) = 2*a + 13. What is the tens digit of k(p)?
3
Let k(d) = -d - 9. Let r be k(-11). Suppose -5*o + 2*u + 18 = -2*u, 0 = 2*o + u - r. Let n(j) = j**3 - j**2 + j + 2. What is the units digit of n(o)?
8
Let a(k) = -4*k - 6. Let z be a(-4). Let h(m) = -m**2 + 6*m + 13. Let q be h(z). Let t = 43 + q. What is the tens digit of t?
1
Suppose 3*f = -2*f. Suppose 3*y - 36 = -2*a, 3*y + f*y = a + 36. What is the units digit of y?
2
Suppose 0 = 2*u + 2*f + 24, 3*f - 6*f = -3*u - 24. Let z(n) = -3*n - 11. What is the tens digit of z(u)?
1
Suppose 0 = m - 5, -5*m = -2*n - 23 + 10. What is the units digit of 12*1 + 12/n?
4
Let p = 9 + 6. Suppose 0*i - i = -p. What is the tens digit of i?
1
Let x(n) be the first derivative of n**4/4 + n**3/6 - 2*n**2 + 3*n + 2. Let d(c) be the first derivative of x(c). What is the tens digit of d(-3)?
2
Let q be (-6)/4*-1*-2. Let c = q + 4. What is the units digit of 7*(2 + -1) - c?
6
Let u = -5 - -20. What is the units digit of u?
5
Suppose -3*w - 5*z + 31 = 0, w - z + 2*z - 7 = 0. Suppose -42 = w*f - 216. Suppose 3*r + 2*c - f = -32, -3*c = 5*r - 90. What is the tens digit of r?
1
Let p = 40 - 56. What is the units digit of (p/(-28))/(4/14)?
2
Let w(q) = q**3 + 5*q**2 - 2*q - 7. Let k be w(-5). Suppose -k*b = -3*g - 2*b + 42, -30 = -3*g + 5*b. Let x = g + -4. What is the tens digit of x?
1
Let w(p) = -26*p + 1. What is the units digit of w(-1)?
7
Let t(g) = 18*g**2 + g. Suppose -2*v = -4, 2*p + 5*v - 8 = 14. Let k be (-4)/p - 25/(-15). What is the units digit of t(k)?
9
Let u be 1 - -1 - (-756)/(-7). Let d = 155 + u. What is the units digit of d?
9
Suppose 3*a - 126 = -12. What is the tens digit of a?
3
Let i = 2 + 1. Suppose -75 = -4*o + o + 4*x, 57 = i*o + 2*x. What is the tens digit of o?
2
Let b = -11 - -34. What is the tens digit of b?
2
Let k(o) = 31*o**2 + 6*o. What is the units digit of k(-2)?
2
Let w = 75 - 66. What is the units digit of w?
9
Let y = -2 + 16. Suppose -70 - y = -3*r. What is the units digit of r?
8
Let b(g) = g - 13*g + 3 + 0*g - 2. What is the tens digit of b(-1)?
1
Let k = -31 - -53. What is the units digit of k?
2
Suppose 0 = 4*r - 3*r + 3*g - 9, -3*r + 2*g = -5. Let w(o) = o**3 - o**2 + 5*o - 2. What is the tens digit of w(r)?
3
Let d = -68 + 152